ppose -2*f + 2*l + 12 = 0, 4*f - 40 = -0*l - 4*l. Let d(p) = p**2 - 5*p - 5. Calculate the remainder when d(f) is divided by (-195)/(-27) - 8/36.
5
Let o = -1 + -1. Let w(h) = -5*h**3 - h**2 - h - 1. What is the remainder when w(o) is divided by ((-8)/(-5))/(1/5)?
5
Let q(k) = 10*k**2 + k - 1. Let t = 2193 + -2190. What is the remainder when q(1) is divided by t?
1
Suppose 3*t + 108 = 411. Let o = -165 - -182. What is the remainder when t is divided by o?
16
Let h = 95 - 46. Calculate the remainder when h is divided by (-392)/(-15) - (-4)/(-30).
23
Let m = 4 + 12. Suppose -5 = g - 51. Suppose -g = -5*u - 1. What is the remainder when m is divided by u?
7
Let z = -2 - -3. Let r be 144/(-4)*(0 - z). Suppose 0 = -2*m - q - q + r, 5*q = -m + 14. What is the remainder when m is divided by 7?
5
Let r be (-1 - -2) + (3 - 81). Suppose 5*m - 12*m = -952. Let y = m + r. What is the remainder when y is divided by 15?
14
Suppose 3*g - h = 2055, 3*g + 27*h - 2055 = 26*h. What is the remainder when g is divided by 53?
49
Suppose -5*g = -d + 25, 7*d - 2*d + 20 = -4*g. Suppose -58 = -d*x - 2*x. Calculate the remainder when x is divided by (-1 - -2)/((-2)/(-20)).
9
Let w be (10 - 4)/(1/6). Let t = 2 + -7. Let l = w + t. What is the remainder when l is divided by 11?
9
Let w = 45 - 38. Let t = w + -5. Calculate the remainder when 4 is divided by t.
0
Let x(w) = 2*w**2 + 15*w + 3. Let c be x(-7). Let t = -20 - -42. Calculate the remainder when t is divided by (1 - (0 - c))/(6/(-10)).
2
Let r(u) = 3*u**2 + 11*u + 14. Calculate the remainder when 39 is divided by r(-4).
3
Let l = -120 - -152. Calculate the remainder when l is divided by 20.
12
Let h be -3 - (5 - -2)*-1. Suppose 0 = h*v - 2*v - 6. Suppose -v*j - 2*j = -15. What is the remainder when j is divided by 3?
0
Let m = -663 + 671. Let z = 52 + -21. Calculate the remainder when z is divided by m.
7
Suppose -56*d - 916 = -60*d. What is the remainder when d is divided by 8?
5
Suppose j - 53 = -o, 2*j + 6 = -4. Suppose -2*a - 5*y = -61, 2*a + 6 - o = -2*y. Suppose -7 = -2*c + a. Calculate the remainder when 43 is divided by c.
13
Let i = 200 + -17. What is the remainder when i is divided by 31?
28
Suppose o - 3*o = 4*l - 10, -o = -3*l + 10. Suppose -4*v - 4*d + 44 = 0, -25*v = -22*v - d - 49. What is the remainder when v is divided by l?
0
What is the remainder when -19 + 19 + -9*(-4)/1 is divided by 19?
17
Suppose 0 = 3*b + g - 18, -3*b - 9 = -6*b - 4*g. Let i be (-2 - 2*-1)/1. Suppose -u - 3*u + 48 = i. Calculate the remainder when u is divided by b.
5
Suppose 14*d - 2*o + 27 = 15*d, -36 = -2*d + 2*o. Suppose -5*x + 61 = 3*z, 4*x + 2*z + 16 - 64 = 0. Calculate the remainder when d is divided by x.
10
Let g(q) = -8*q + 291. What is the remainder when g(17) is divided by 12?
11
Suppose -19*p + 14*p + 105 = 0. Let w(g) = g**3 - 3*g**2 + 1. What is the remainder when 69/p - 3/(63/6) is divided by w(3)?
0
Let o(r) = r**2 + r + 4. Let j(x) = 2*x**2 + 14*x + 9. Let z be j(-7). What is the remainder when o(z) is divided by 16?
14
Let n(h) = 15*h**2 - h + 24. What is the remainder when n(6) is divided by 16?
14
Let v be 6/(-5)*(-40)/24. Let m = 10 - v. Suppose -4*h + 24 = -3*d, 2*h + 3*h = 2*d + 23. Calculate the remainder when m is divided by h.
2
Calculate the remainder when (10 - (-17039)/55)*(4 + 1) is divided by 25.
24
Let p = 19 - -38. Let l = p - 49. What is the remainder when 20 is divided by l?
4
Let i = 574 + 844. What is the remainder when i is divided by 71?
69
Calculate the remainder when 88 is divided by (-8 - (-20)/15)*(-72)/10.
40
Suppose -6*k - 12 = -36. What is the remainder when (-1 - 88)/((-1)/4*k) is divided by 9?
8
Let y(o) = 2*o**3 - 2*o**2 + o. Calculate the remainder when (-1*2 + -226)*24/(-72) is divided by y(3).
37
Let v = -169 - -403. What is the remainder when v is divided by 59?
57
Let l(p) = 8*p - 2. Let x be (44 - -1)*1 - -3. Suppose 120 = 2*c - x. What is the remainder when c is divided by l(3)?
18
Let t = -1 - -10. Let r = -2 + t. Suppose -f - p = -14, 4*f - 4*p - 81 = -3*p. Calculate the remainder when f is divided by r.
5
Let f = 2 - -10. Calculate the remainder when 18 is divided by (8/f)/(4/60).
8
Suppose -18 = -6*s + 12. Suppose 154 = 5*t - 3*b, 4*b = 5*t + s*b - 142. Calculate the remainder when t is divided by 11.
7
Suppose 25 = -2*p + 71. Let c = -9 - -14. Let j = c + 3. Calculate the remainder when p is divided by j.
7
Calculate the remainder when -2 - 1528/(3 + -11) is divided by 19.
18
Suppose -9 = -2*o + 3*x, -o + 0*o + 3*x = -6. Suppose o*j = 6*j - 195. What is the remainder when j is divided by 22?
21
Let v(m) = m**2 - 4*m + 4. Let q be v(2). Let p = 2 + q. What is the remainder when 15 is divided by p?
1
What is the remainder when 39 is divided by (3/(-6))/(5/(-220))?
17
Suppose 612 = 3*p + 3*r, -1239 = -19*p + 13*p - r. What is the remainder when p is divided by 26?
25
Suppose 5*q = o + 483, 16 = -q - 4*o + 100. Let b = -67 + q. Let z = 66 + -58. Calculate the remainder when b is divided by z.
5
Let w(l) = 18*l + 51. Calculate the remainder when w(2) is divided by 11.
10
Let s(x) = -2*x**3 + 58*x**2 + 96*x - 116. What is the remainder when s(29) is divided by 89?
87
Suppose 0*x + 4*x = 196. Suppose -5*f + 244 - x = 0. Calculate the remainder when 154 is divided by f.
37
Suppose -13*g + 160 = -113. What is the remainder when 149 is divided by g?
2
Suppose 30*q - 32*q + 42 = 0. What is the remainder when 24*(32/12)/2 is divided by q?
11
Let k(y) = -y**2 + 3*y + 4. Let c be k(4). Suppose c = -0*j - 2*j + 30. Calculate the remainder when 59 is divided by j.
14
Let t be 52/14 - (-6)/21. Let x(r) = -r**2 + 0*r + 8 + 10*r - 13. Calculate the remainder when x(t) is divided by 11.
8
Let c = 772 - 760. Let n(r) = -r**3 + r**2 + r + 46. Calculate the remainder when n(0) is divided by c.
10
Calculate the remainder when (-2268)/(-16) + 9/(-12) is divided by 18.
15
Let s(f) = -f + 20. Let p be s(5). Let h(c) = -2*c**2 + 29*c + 34. Let b(y) = 23*y + 4. What is the remainder when b(3) is divided by h(p)?
16
What is the remainder when 50 is divided by 7596/252 - 8/7?
21
Let g = -57 + 71. What is the remainder when 417 is divided by g?
11
Let f(i) = 5*i - 8*i - i - 9 + 3*i. Suppose -3*j + 3*o + 12 = 0, -3*o - 16 = -j + 2*o. What is the remainder when j is divided by f(-10)?
0
Let f(q) = q**3 - 6*q**2 - 6*q + 4. Let i be f(7). Suppose 3*g + 6 + 3 = 0. Let k = g + i. Calculate the remainder when 30 is divided by k.
6
Let h(i) = 22*i + 2. Let o(q) = q**2 - 8*q - 7. Let w be o(7). Let k be 12/3*(-7)/w. What is the remainder when h(k) is divided by 16?
14
Let i be 70476/(-27) - 4/(-18). What is the remainder when 103 is divided by i/(-75) - 2/(-10)?
33
Let s = 127 + -93. Calculate the remainder when 44 is divided by s.
10
What is the remainder when -5*(-1)/(-40)*-1448 is divided by 8?
5
Let v(o) be the third derivative of o**4/24 + 3*o**3/2 + o**2. Let w(s) = -s**2 - 11*s + 3. Calculate the remainder when w(-11) is divided by v(-7).
1
What is the remainder when 40 is divided by (4 - -2)*(-1 + 2 - 0)?
4
Calculate the remainder when 874 is divided by 18/36 + (-454)/(-4) + -4.
104
Let v(z) = -z**3 - 10*z**2 - 11*z - 3. Let j be v(-9). Suppose -20 = -j*h + 11*h. Calculate the remainder when 7 is divided by h.
2
What is the remainder when 189 is divided by 21/((-105)/(-130)) - -6?
29
Suppose 0 = -4*s + 3 - 19. Calculate the remainder when 3/(-17 + s) + (-716)/(-14) is divided by 13.
12
Let i(f) = -f**2 + f + 1. Let l(t) = -5*t**2 - 20*t + 25. Let c(s) = 6*i(s) - l(s). What is the remainder when c(24) is divided by 10?
9
Calculate the remainder when 209 is divided by 2/(-6)*(-43 + -122).
44
Let v(s) = 10*s - 3. Let h(c) = -3*c - 17. Let i = -88 - -80. Calculate the remainder when v(3) is divided by h(i).
6
Suppose -305 = -5*x + 5*o, -4*x - 3*o + 71 + 138 = 0. Suppose -37*q + x = -33*q. What is the remainder when 66 is divided by q?
10
Suppose -17 + 305 = 8*q. Let a = 15 + -11. Suppose 4*o + 91 = 5*r, 79 - 5 = a*r - 2*o. What is the remainder when q is divided by r?
17
Let j = -73 - -44. Let y = 37 + j. What is the remainder when 53 is divided by y?
5
What is the remainder when 196 is divided by ((-1)/2)/(39/(-1716))?
20
Suppose -42*v = -53*v + 462. What is the remainder when v is divided by 